 h - 5 = 6*d. Let u(l) = l + d - 1 - 5 + 0*l. What is u(5)?
0
Let k = 48 + -44. Let j = 9 + -9. Let w(y) = -1 - 3*y + j + 0. Calculate w(k).
-13
Let o be 8/28 + 10/(-25) + (-618)/105. Let j(p) = -p**2 - 9*p - 29. Calculate j(o).
-11
Let o(v) = -4*v + 16. Let g(u) = -1. Let h(z) = -16*g(z) - o(z). Let n = 18638 + -18641. Give h(n).
-12
Let o(u) = -u + 2. Suppose 3*d + 4*x + 425 = -165, 2*d = 2*x - 398. Let c = d + 204. Calculate o(c).
-4
Let h(j) = -54*j. Let r = -655 + 685. Let w(l) = -2*l**2 + 62*l - 61. Let k be w(r). What is h(k)?
54
Let z(b) = 7*b**2 - 4*b + 10. Let a(u) = 792*u + 8 - 1585*u + 5*u**2 + 1 + 789*u. Let w(f) = 4*a(f) - 3*z(f). Let l be (-1)/((5/6)/5). Determine w(l).
-6
Let i(u) be the third derivative of -11*u**4/24 - 40*u**3/3 + 2*u**2 + 788*u. What is i(-7)?
-3
Suppose 4*j + 110 = 14*j. Suppose -16*q + j*q = 30. Let p(o) = o**2 + 2*o - 2. Calculate p(q).
22
Let b(s) be the second derivative of -2*s - 7/2*s**2 + 0 - 2/3*s**3 + 1/12*s**4. Let p(q) = -1323*q + 25142. Let g be p(19). Calculate b(g).
-2
Let k(n) = -n**2 + n - 3. Suppose -2*h + 12 = 2*l, -3*h + 8*l + 18 = 10*l. Suppose 6 - h = -7*c. Calculate k(c).
-3
Suppose -2*x - 22 = 3*n - 10, -5*x = 4*n + 16. Let c(d) be the second derivative of 1/6*d**3 + 7/4*d**4 + 0 + x*d**2 + 17*d. Calculate c(-1).
20
Let t(i) = -2*i**2 - 56*i - 300. Let j be t(-21). Let c(a) = 16*a + 104. Calculate c(j).
8
Let k(f) be the second derivative of -2*f - 5/6*f**3 - f**2 - 1/6*f**4 + 1/20*f**5 - 6. What is k(4)?
10
Let a(x) be the third derivative of -x**4 + x**3/6 + 22*x**2 - 15. What is a(2)?
-47
Let j(q) = 10*q + 45. Let k be 168/(-105)*(-5)/(-2). Let x be j(k). Let i(u) = -u + 12. Give i(x).
7
Suppose 2*r = 2*b + 342, 5*b = -7*r + 5*r + 356. Let a = r + -170. Let q(i) = -i**3 + 4*i**2 - 4*i + 3. Determine q(a).
0
Let d(p) = -p + 8. Let h(r) = -r + 9. Let c(n) = -6*d(n) + 5*h(n). Suppose o + 143*i - 138*i = 22, -2*i = -3*o - 19. Determine c(o).
-6
Let i(u) = u - 16. Let l be (3 - 33/12)/(8/608). Give i(l).
3
Suppose 14*l - 16*l - 12 = 0. Let d(v) = -2*v + 12. Calculate d(l).
24
Let s(q) = -152*q - 20 + 498*q - 143*q - 189*q. Determine s(3).
22
Let j(k) = k**3 - 8*k**2 - 9*k - 7. Let x be j(9). Let f(n) = -n**3 - 5*n**2 + 10*n - 10. Give f(x).
18
Let u(i) be the first derivative of -3*i**4/4 - i**3/3 - 4*i**2 + 5*i + 95. Let k(l) = l**3 - l**2 + l. Let a(q) = -4*k(q) - u(q). Calculate a(6).
-17
Let c be 3440/(-860) - 2*51/(-6). Let m(s) = 0*s + 4*s - 2*s - 25. Calculate m(c).
1
Let r(f) = 3*f + 24. Let d be r(-10). Let g = -47 + 53. Let z(a) = 2*a + 13 - 4 - 106*a**3 - g*a**2 + 105*a**3. Calculate z(d).
-3
Let n(k) = -2*k**2 - 23*k + 3. Let y be n(-8). Suppose 55*i - 24 = y*i. Let w(d) = -4*d**2 - 7 - d**3 - 8*d - 7*d**2 + 4*d**2. What is w(i)?
5
Let x = 4 + -10. Let c be ((-4)/(-3))/(2/x). Let l(p) = -4441*p**3 + 7*p + 8927*p**3 - 4485*p**3 + 5*p**2 + 6. Give l(c).
-6
Let s = -176 + 177. Let b(g) = 6*g + g**2 + 2 - 2*g**2 + s. Determine b(8).
-13
Suppose 199*t - 42 = 206*t. Let m(a) = a**3 + 3*a**2 - 14*a - 1. Determine m(t).
-25
Let l(w) = 77*w + 117 - 40*w - 36*w - 129. What is l(-8)?
-20
Let w(n) = n**3 + n**2 - 9. Let z(x) = x**2 - 12*x - 26. Let h be z(-2). Let a be ((-4)/(-6))/(3/9). Suppose -3*c = -h*m - 3, a + 3 = 4*m + 5*c. What is w(m)?
-9
Let u(w) be the second derivative of w**5/20 - 5*w**4/12 - 49*w**3/6 - 3*w**2 + w - 424. Determine u(10).
4
Let p(r) = r**3 + 170*r**2 - 517*r + 342. Let k be p(-173). Let c(h) = -h**3 - 6*h**2 + 19. Calculate c(k).
-13
Let z(k) = -378 + 376 + 3*k**2 - k**2. Let d(b) = 18*b + 1. Let c be d(-1). Let o = 15 + c. Determine z(o).
6
Suppose -10*s + 7*s = 12. Let n(v) = 3*v**2 + 208*v + 215*v - 417*v + 3. What is n(s)?
27
Let w(p) = 7*p**3 - 9*p**2 + 14*p + 48. Let s(z) = 3*z**3 + 2*z + 1. Let r(i) = -2*s(i) + w(i). Calculate r(6).
-2
Let j(p) = -p**3 - 2*p**2 + p - 3. Let f be 33/(-11) - 70/(-5). Suppose 0 = -15*r - f - 34. Calculate j(r).
3
Suppose 0 = -p, -5*q - p = -5 - 20. Let m(o) be the third derivative of 0*o - 1/60*o**q + 0 - 15*o**2 + 0*o**3 - 7/24*o**4. What is m(-6)?
6
Let y = -243 + 384. Let n(w) = 3*w - 143 + 3*w - 7*w + y. Let b = -10 - -6. What is n(b)?
2
Let t = -30270 + 30271. Let j(x) = 2*x**2 - 1 + x**3 - x**2 - 8*x**3. What is j(t)?
-7
Let i(p) = -9 + p**3 + 0*p**3 - 16 + 11*p**2 - p - 4 + 9. What is i(-11)?
-9
Let p = -1274 - -514. Let n = p - -758. Let a(d) = -2*d**3 - d**2 - d - 4. Determine a(n).
10
Let q(p) be the second derivative of -15*p + 1/2*p**2 - 3 - p**3 + 1/20*p**5 - 1/3*p**4. What is q(4)?
-23
Let v(q) = 2 + 0 - 8*q + 0 + 2*q**2 - q**2. Suppose -52*w - 27 = -55*w. Suppose -w = -7*b + 4*b. Determine v(b).
-13
Let q(v) = 16*v**2 - 3*v - 1. Let n = 5 - 3. Let o(i) = -3*i**2 + n*i**2 + 0*i**2 + i. Let h(b) = -3*o(b) - q(b). Calculate h(-1).
-12
Let d(r) = -2*r - 6. Let h be d(-5). Let b(s) = 175*s - 1 + 0 - 172*s + h. Let a(l) = -2*l - 1. Let z be a(1). Calculate b(z).
-6
Let m(n) = 2*n**2 - 30*n - 12. Suppose 3*v - 5*w = 25, -4*v + 20 = -w - 36. Calculate m(v).
-12
Suppose -2*q = -2*v + 36, 5*v + 2*q + 23 = 134. Let a(d) = -d**3 + 22*d**2 - 19*d - 12. What is a(v)?
30
Let n = 1520 + -1521. Let s(l) = 7*l**2 - 4*l - 3. Give s(n).
8
Let o(t) = -37*t**2 + 44*t - 4. Let d(y) = -105*y**2 + 126*y - 12. Let b(a) = -6*d(a) + 17*o(a). Let l(n) = n**3 - n**2 + n + 1. Let z be l(2). Determine b(z).
-3
Let v(n) be the second derivative of n**4/12 + n**3/3 + 1830*n. Give v(-2).
0
Let p(q) be the first derivative of q**3/3 - 7*q**2/2 + 9*q - 4399. Let z(c) = 2*c**3 - 3*c**2 + 2*c - 1. Let l be z(2). Calculate p(l).
9
Let r(m) = -2*m - 37. Let h be (44 - 43)*((-2)/(-5) - (-146)/10). Give r(h).
-67
Let f(u) = 5*u + 165. Let l(y) = -3*y - 85. Let j(c) = -6*f(c) - 13*l(c). What is j(-12)?
7
Suppose -2 = -6*s + 22. Suppose 6*d - d - 123 = h, -d - s*h + 12 = 0. Let p(j) = -d*j - 20*j + 45*j + 2. Give p(-4).
-2
Suppose -11 = -16*k + 21. Let q(s) = -13*s**2 + 12 + 21*s**2 - 9*s**k - 8*s. Suppose -5*t - 23 = 2*j, 5*t + 12 = -5*j - 38. Calculate q(j).
3
Let d(n) = -n**3 - 3*n**2 + 3*n - 1. Let y(s) = -1488*s - 2975. Let o be y(-2). Give d(o).
-2
Let n(q) = -q**3 + 4*q**2 - q + 1. Let r = 9 + 9. Suppose -r*a = a - 76. Determine n(a).
-3
Let n(f) = -2*f**2 + 3*f - 3. Suppose -g - 4*m = -36, 43 = g + 15*m - 18*m. Let i be (2 + 8/(-5))/(8/g). Determine n(i).
-5
Let h be 2 + (-20)/2 - 11/(-11). Let b(d) = -d**3 - 6*d**2 + 2*d - 23. Let f be b(h). Let q be f/(-9)*36/(-8). Let s(n) = -n**2 + 8*n - 7. Determine s(q).
5
Let t(a) = -a**2 - 3*a - 4. Let q = -88 + 94. Suppose w = 3, 2*z + 24 = q*z - 4*w. Let x be ((-26)/(-39))/((-2)/z). Calculate t(x).
-4
Let l = -88 + 82. Let s(n) = 2*n**2 + 19*n + 24. Let h(y) = y**2 + 9*y + 11. Let m(g) = 7*h(g) - 3*s(g). Calculate m(l).
5
Let m(l) = 66*l**2 - l - 1. Let x = 3790 + -3791. Determine m(x).
66
Suppose 30 = l - 6*l. Let i(n) = 118*n - 9. Let q(y) = -102*y + 7. Let h(k) = 6*i(k) + 7*q(k). Calculate h(l).
31
Let s(h) = -h**3 + 29*h**2 + 65*h - 3. Let k be s(31). Let z(p) = -k*p - 89*p - 2 + p**2 + 175*p. What is z(4)?
-2
Let w(f) = f - 7. Let v(j) be the second derivative of -j**4/4 - 13*j**3/6 - 5*j**2/2 - 17*j. Let r be v(-3). Suppose 8*a - r*a = 4. What is w(a)?
-3
Let y(n) be the third derivative of n**6/120 + n**5/12 - n**4/4 + n**2. Suppose 0 = -2*u + 10 + 2. Let r(g) = -g**2 + 4*g + 6. Let m be r(u). What is y(m)?
0
Let j(f) = 10*f**3 - 44*f**2 - 10*f + 17. Let b(w) = -3*w**3 + 14*w**2 + 4*w - 6. Let u(y) = -7*b(y) - 2*j(y). Determine u(11).
41
Let f(v) = -v - 2. Suppose -g - 1 = -4*h, 0 = 5*g + 3*h + h - 19. Let w be f(g). Let o(y) be the second derivative of y**3/6 + 7*y**2/2 + 447*y. Calculate o(w).
2
Let q(w) = -2*w**2 - 20*w + 2. Suppose -3*k - 2*k + 33 = -3*a, 0*k = -3*k. What is q(a)?
-20
Let k(j) = -21 + 38 - 3*j**2 + 29 + 19 + 56*j - 2*j. Determine k(19).
8
Let p(t) = 2*t**3 + 6*t**2 - 2*t - 3. Let w(g) = 2*g**2 + 11*g + 9. Let f be w(-4). Let b be p(f). Let c(h) = 3*h + 2. Give c(b).
11
Suppose -b - 4*x - 25 = 0, -3*b + 5*x + 5 = -5. Let h(w) = 11*w**2 - 3*w - 6. Let f(d) = 11*d**2 - 4*d - 7. Let u(z) = b*f(z) + 6*h(z). Give u(1).
12
Let y = 243 + -228. Suppose 26*j - 29*j = p + y, 3*p = 4*j + 33. Let i(g) = g + 4. Give i(j).
-2
Let z(m) be the third derivative of -m**6/360 - m**5/20